{"id":9452,"date":"2025-06-03T14:00:00","date_gmt":"2025-06-03T12:00:00","guid":{"rendered":"https:\/\/careista.ch\/produkte\/non%20class\u00e9\/dentifrice-edelwhite-care-forte-75ml\/"},"modified":"2026-04-28T23:07:30","modified_gmt":"2026-04-28T21:07:30","slug":"dentifrice-edelwhite-care-forte-75ml","status":"publish","type":"product","link":"https:\/\/careista.ch\/fr\/produkte\/soins-buccaux-fr\/dentifrice-fr\/dentifrice-edelwhite-care-forte-75ml\/","title":{"rendered":"edel+white Care Forte dentifrice 75ml (**NEW DESIGN 2026**)"},"content":{"rendered":"","protected":false},"excerpt":{"rendered":"<p><strong>La formule de reconstitution pour les soins gingivaux<\/strong><\/p>\n<p>Un dentifrice pour des gencives fortes et un sourire sain. Sa formule tout-en-un prend soin des gencives sensibles, renforce les dents et assure une protection durable. <\/p>\n<ul>\n<li>Soulage les inflammations et les irritations des gencives<\/li>\n<li>Renforce durablement les dents et les gencives<\/li>\n<li>Un \u00e9claircissement en douceur pour un sourire naturellement blanc<\/li>\n<li>Convient particuli\u00e8rement au brossage quotidien des dents et \u00e0 l&rsquo;utilisation de brosses \u00e0 dents \u00e9lectriques.<\/li>\n<li>Formulation : RDA 60, 1450ppm de fluorure<\/li>\n<li>0% dioxyde de titane, parab\u00e8ne, SLS, gluten<\/li>\n<li>Vegan<\/li>\n<\/ul>\n<p><em>Contenu : 1 tube de 75 ml<\/em><\/p>\n","protected":false},"featured_media":19445,"comment_status":"closed","ping_status":"closed","template":"","meta":{"_acf_changed":false},"anwendung-kategorie":[],"anwendung":[317],"product_brand":[340],"product_cat":[214,220],"product_tag":[],"class_list":{"0":"post-9452","1":"product","2":"type-product","3":"status-publish","4":"has-post-thumbnail","6":"anwendung-des-gencives-saines","7":"product_brand-edelwhite-fr","8":"product_cat-soins-buccaux-fr","9":"product_cat-dentifrice-fr","11":"first","12":"instock","13":"featured","14":"taxable","15":"shipping-taxable","16":"purchasable","17":"product-type-simple"},"acf":[],"yoast_head":"<!-- This site is optimized with the Yoast SEO plugin v27.2 - https:\/\/yoast.com\/product\/yoast-seo-wordpress\/ -->\n<title>edel+white Care Forte dentifrice 75ml (**NEW DESIGN 2026**) - CAREISTA<\/title>\n<meta name=\"robots\" content=\"index, follow, max-snippet:-1, max-image-preview:large, max-video-preview:-1\" \/>\n<link rel=\"canonical\" href=\"https:\/\/careista.ch\/fr\/produkte\/soins-buccaux-fr\/dentifrice-fr\/dentifrice-edelwhite-care-forte-75ml\/\" \/>\n<meta property=\"og:locale\" content=\"fr_FR\" \/>\n<meta property=\"og:type\" content=\"article\" \/>\n<meta property=\"og:title\" content=\"edel+white Care Forte dentifrice 75ml (**NEW DESIGN 2026**) - CAREISTA\" \/>\n<meta property=\"og:description\" content=\"La formule de reconstitution pour les soins gingivaux Un dentifrice pour des gencives fortes et un sourire sain. Sa formule tout-en-un prend soin des gencives sensibles, renforce les dents et assure une protection durable.   Soulage les inflammations et les irritations des gencives  Renforce durablement les dents et les gencives  Un \u00e9claircissement en douceur pour un sourire naturellement blanc  Convient particuli\u00e8rement au brossage quotidien des dents et \u00e0 l&#039;utilisation de brosses \u00e0 dents \u00e9lectriques.  Formulation : RDA 60, 1450ppm de fluorure  0% dioxyde de titane, parab\u00e8ne, SLS, gluten  Vegan Contenu : 1 tube de 75 ml\" \/>\n<meta property=\"og:url\" content=\"https:\/\/careista.ch\/fr\/produkte\/soins-buccaux-fr\/dentifrice-fr\/dentifrice-edelwhite-care-forte-75ml\/\" \/>\n<meta property=\"og:site_name\" content=\"CAREISTA\" \/>\n<meta property=\"article:modified_time\" content=\"2026-04-28T21:07:30+00:00\" \/>\n<meta property=\"og:image\" content=\"https:\/\/careista.ch\/wp-content\/uploads\/2025\/06\/500510-Care-Forte-Zahnpasta-75ml-800x800px1_new.jpg\" \/>\n\t<meta property=\"og:image:width\" content=\"800\" \/>\n\t<meta property=\"og:image:height\" content=\"800\" \/>\n\t<meta property=\"og:image:type\" content=\"image\/jpeg\" \/>\n<meta name=\"twitter:card\" content=\"summary_large_image\" \/>\n<script type=\"application\/ld+json\" class=\"yoast-schema-graph\">{\"@context\":\"https:\/\/schema.org\",\"@graph\":[{\"@type\":\"WebPage\",\"@id\":\"https:\/\/careista.ch\/fr\/produkte\/soins-buccaux-fr\/dentifrice-fr\/dentifrice-edelwhite-care-forte-75ml\/\",\"url\":\"https:\/\/careista.ch\/fr\/produkte\/soins-buccaux-fr\/dentifrice-fr\/dentifrice-edelwhite-care-forte-75ml\/\",\"name\":\"edel+white Care Forte dentifrice 75ml (**NEW DESIGN 2026**) - CAREISTA\",\"isPartOf\":{\"@id\":\"https:\/\/careista.ch\/fr\/#website\"},\"primaryImageOfPage\":{\"@id\":\"https:\/\/careista.ch\/fr\/produkte\/soins-buccaux-fr\/dentifrice-fr\/dentifrice-edelwhite-care-forte-75ml\/#primaryimage\"},\"image\":{\"@id\":\"https:\/\/careista.ch\/fr\/produkte\/soins-buccaux-fr\/dentifrice-fr\/dentifrice-edelwhite-care-forte-75ml\/#primaryimage\"},\"thumbnailUrl\":\"https:\/\/careista.ch\/wp-content\/uploads\/2025\/06\/500510-Care-Forte-Zahnpasta-75ml-800x800px1_new.jpg\",\"datePublished\":\"2025-06-03T12:00:00+00:00\",\"dateModified\":\"2026-04-28T21:07:30+00:00\",\"breadcrumb\":{\"@id\":\"https:\/\/careista.ch\/fr\/produkte\/soins-buccaux-fr\/dentifrice-fr\/dentifrice-edelwhite-care-forte-75ml\/#breadcrumb\"},\"inLanguage\":\"fr-FR\",\"potentialAction\":[{\"@type\":\"ReadAction\",\"target\":[\"https:\/\/careista.ch\/fr\/produkte\/soins-buccaux-fr\/dentifrice-fr\/dentifrice-edelwhite-care-forte-75ml\/\"]}]},{\"@type\":\"ImageObject\",\"inLanguage\":\"fr-FR\",\"@id\":\"https:\/\/careista.ch\/fr\/produkte\/soins-buccaux-fr\/dentifrice-fr\/dentifrice-edelwhite-care-forte-75ml\/#primaryimage\",\"url\":\"https:\/\/careista.ch\/wp-content\/uploads\/2025\/06\/500510-Care-Forte-Zahnpasta-75ml-800x800px1_new.jpg\",\"contentUrl\":\"https:\/\/careista.ch\/wp-content\/uploads\/2025\/06\/500510-Care-Forte-Zahnpasta-75ml-800x800px1_new.jpg\",\"width\":800,\"height\":800},{\"@type\":\"BreadcrumbList\",\"@id\":\"https:\/\/careista.ch\/fr\/produkte\/soins-buccaux-fr\/dentifrice-fr\/dentifrice-edelwhite-care-forte-75ml\/#breadcrumb\",\"itemListElement\":[{\"@type\":\"ListItem\",\"position\":1,\"name\":\"Home\",\"item\":\"https:\/\/careista.ch\/fr\/\"},{\"@type\":\"ListItem\",\"position\":2,\"name\":\"Shop\",\"item\":\"https:\/\/careista.ch\/fr\/shop\/\"},{\"@type\":\"ListItem\",\"position\":3,\"name\":\"edel+white Care Forte dentifrice 75ml (**NEW DESIGN 2026**)\"}]},{\"@type\":\"WebSite\",\"@id\":\"https:\/\/careista.ch\/fr\/#website\",\"url\":\"https:\/\/careista.ch\/fr\/\",\"name\":\"CAREISTA\",\"description\":\"Dein pers\u00f6nlicher Pflege-Barista\",\"publisher\":{\"@id\":\"https:\/\/careista.ch\/fr\/#organization\"},\"potentialAction\":[{\"@type\":\"SearchAction\",\"target\":{\"@type\":\"EntryPoint\",\"urlTemplate\":\"https:\/\/careista.ch\/fr\/?s={search_term_string}\"},\"query-input\":{\"@type\":\"PropertyValueSpecification\",\"valueRequired\":true,\"valueName\":\"search_term_string\"}}],\"inLanguage\":\"fr-FR\"},{\"@type\":\"Organization\",\"@id\":\"https:\/\/careista.ch\/fr\/#organization\",\"name\":\"CAREISTA\",\"url\":\"https:\/\/careista.ch\/fr\/\",\"logo\":{\"@type\":\"ImageObject\",\"inLanguage\":\"fr-FR\",\"@id\":\"https:\/\/careista.ch\/fr\/#\/schema\/logo\/image\/\",\"url\":\"https:\/\/careista.ch\/wp-content\/uploads\/2025\/02\/Careista-Logo-S_rgb.svg.svg\",\"contentUrl\":\"https:\/\/careista.ch\/wp-content\/uploads\/2025\/02\/Careista-Logo-S_rgb.svg.svg\",\"caption\":\"CAREISTA\"},\"image\":{\"@id\":\"https:\/\/careista.ch\/fr\/#\/schema\/logo\/image\/\"}}]}<\/script>\n<!-- \/ Yoast SEO plugin. -->","yoast_head_json":{"title":"edel+white Care Forte dentifrice 75ml (**NEW DESIGN 2026**) - CAREISTA","robots":{"index":"index","follow":"follow","max-snippet":"max-snippet:-1","max-image-preview":"max-image-preview:large","max-video-preview":"max-video-preview:-1"},"canonical":"https:\/\/careista.ch\/fr\/produkte\/soins-buccaux-fr\/dentifrice-fr\/dentifrice-edelwhite-care-forte-75ml\/","og_locale":"fr_FR","og_type":"article","og_title":"edel+white Care Forte dentifrice 75ml (**NEW DESIGN 2026**) - CAREISTA","og_description":"La formule de reconstitution pour les soins gingivaux Un dentifrice pour des gencives fortes et un sourire sain. Sa formule tout-en-un prend soin des gencives sensibles, renforce les dents et assure une protection durable.   Soulage les inflammations et les irritations des gencives  Renforce durablement les dents et les gencives  Un \u00e9claircissement en douceur pour un sourire naturellement blanc  Convient particuli\u00e8rement au brossage quotidien des dents et \u00e0 l'utilisation de brosses \u00e0 dents \u00e9lectriques.  Formulation : RDA 60, 1450ppm de fluorure  0% dioxyde de titane, parab\u00e8ne, SLS, gluten  Vegan Contenu : 1 tube de 75 ml","og_url":"https:\/\/careista.ch\/fr\/produkte\/soins-buccaux-fr\/dentifrice-fr\/dentifrice-edelwhite-care-forte-75ml\/","og_site_name":"CAREISTA","article_modified_time":"2026-04-28T21:07:30+00:00","og_image":[{"width":800,"height":800,"url":"https:\/\/careista.ch\/wp-content\/uploads\/2025\/06\/500510-Care-Forte-Zahnpasta-75ml-800x800px1_new.jpg","type":"image\/jpeg"}],"twitter_card":"summary_large_image","schema":{"@context":"https:\/\/schema.org","@graph":[{"@type":"WebPage","@id":"https:\/\/careista.ch\/fr\/produkte\/soins-buccaux-fr\/dentifrice-fr\/dentifrice-edelwhite-care-forte-75ml\/","url":"https:\/\/careista.ch\/fr\/produkte\/soins-buccaux-fr\/dentifrice-fr\/dentifrice-edelwhite-care-forte-75ml\/","name":"edel+white Care Forte dentifrice 75ml (**NEW DESIGN 2026**) - CAREISTA","isPartOf":{"@id":"https:\/\/careista.ch\/fr\/#website"},"primaryImageOfPage":{"@id":"https:\/\/careista.ch\/fr\/produkte\/soins-buccaux-fr\/dentifrice-fr\/dentifrice-edelwhite-care-forte-75ml\/#primaryimage"},"image":{"@id":"https:\/\/careista.ch\/fr\/produkte\/soins-buccaux-fr\/dentifrice-fr\/dentifrice-edelwhite-care-forte-75ml\/#primaryimage"},"thumbnailUrl":"https:\/\/careista.ch\/wp-content\/uploads\/2025\/06\/500510-Care-Forte-Zahnpasta-75ml-800x800px1_new.jpg","datePublished":"2025-06-03T12:00:00+00:00","dateModified":"2026-04-28T21:07:30+00:00","breadcrumb":{"@id":"https:\/\/careista.ch\/fr\/produkte\/soins-buccaux-fr\/dentifrice-fr\/dentifrice-edelwhite-care-forte-75ml\/#breadcrumb"},"inLanguage":"fr-FR","potentialAction":[{"@type":"ReadAction","target":["https:\/\/careista.ch\/fr\/produkte\/soins-buccaux-fr\/dentifrice-fr\/dentifrice-edelwhite-care-forte-75ml\/"]}]},{"@type":"ImageObject","inLanguage":"fr-FR","@id":"https:\/\/careista.ch\/fr\/produkte\/soins-buccaux-fr\/dentifrice-fr\/dentifrice-edelwhite-care-forte-75ml\/#primaryimage","url":"https:\/\/careista.ch\/wp-content\/uploads\/2025\/06\/500510-Care-Forte-Zahnpasta-75ml-800x800px1_new.jpg","contentUrl":"https:\/\/careista.ch\/wp-content\/uploads\/2025\/06\/500510-Care-Forte-Zahnpasta-75ml-800x800px1_new.jpg","width":800,"height":800},{"@type":"BreadcrumbList","@id":"https:\/\/careista.ch\/fr\/produkte\/soins-buccaux-fr\/dentifrice-fr\/dentifrice-edelwhite-care-forte-75ml\/#breadcrumb","itemListElement":[{"@type":"ListItem","position":1,"name":"Home","item":"https:\/\/careista.ch\/fr\/"},{"@type":"ListItem","position":2,"name":"Shop","item":"https:\/\/careista.ch\/fr\/shop\/"},{"@type":"ListItem","position":3,"name":"edel+white Care Forte dentifrice 75ml (**NEW DESIGN 2026**)"}]},{"@type":"WebSite","@id":"https:\/\/careista.ch\/fr\/#website","url":"https:\/\/careista.ch\/fr\/","name":"CAREISTA","description":"Dein pers\u00f6nlicher Pflege-Barista","publisher":{"@id":"https:\/\/careista.ch\/fr\/#organization"},"potentialAction":[{"@type":"SearchAction","target":{"@type":"EntryPoint","urlTemplate":"https:\/\/careista.ch\/fr\/?s={search_term_string}"},"query-input":{"@type":"PropertyValueSpecification","valueRequired":true,"valueName":"search_term_string"}}],"inLanguage":"fr-FR"},{"@type":"Organization","@id":"https:\/\/careista.ch\/fr\/#organization","name":"CAREISTA","url":"https:\/\/careista.ch\/fr\/","logo":{"@type":"ImageObject","inLanguage":"fr-FR","@id":"https:\/\/careista.ch\/fr\/#\/schema\/logo\/image\/","url":"https:\/\/careista.ch\/wp-content\/uploads\/2025\/02\/Careista-Logo-S_rgb.svg.svg","contentUrl":"https:\/\/careista.ch\/wp-content\/uploads\/2025\/02\/Careista-Logo-S_rgb.svg.svg","caption":"CAREISTA"},"image":{"@id":"https:\/\/careista.ch\/fr\/#\/schema\/logo\/image\/"}}]}},"jetpack_sharing_enabled":true,"_links":{"self":[{"href":"https:\/\/careista.ch\/fr\/wp-json\/wp\/v2\/product\/9452","targetHints":{"allow":["GET"]}}],"collection":[{"href":"https:\/\/careista.ch\/fr\/wp-json\/wp\/v2\/product"}],"about":[{"href":"https:\/\/careista.ch\/fr\/wp-json\/wp\/v2\/types\/product"}],"replies":[{"embeddable":true,"href":"https:\/\/careista.ch\/fr\/wp-json\/wp\/v2\/comments?post=9452"}],"version-history":[{"count":1,"href":"https:\/\/careista.ch\/fr\/wp-json\/wp\/v2\/product\/9452\/revisions"}],"predecessor-version":[{"id":19757,"href":"https:\/\/careista.ch\/fr\/wp-json\/wp\/v2\/product\/9452\/revisions\/19757"}],"wp:featuredmedia":[{"embeddable":true,"href":"https:\/\/careista.ch\/fr\/wp-json\/wp\/v2\/media\/19445"}],"wp:attachment":[{"href":"https:\/\/careista.ch\/fr\/wp-json\/wp\/v2\/media?parent=9452"}],"wp:term":[{"taxonomy":"anwendung-kategorie","embeddable":true,"href":"https:\/\/careista.ch\/fr\/wp-json\/wp\/v2\/anwendung-kategorie?post=9452"},{"taxonomy":"anwendung","embeddable":true,"href":"https:\/\/careista.ch\/fr\/wp-json\/wp\/v2\/anwendung?post=9452"},{"taxonomy":"product_brand","embeddable":true,"href":"https:\/\/careista.ch\/fr\/wp-json\/wp\/v2\/product_brand?post=9452"},{"taxonomy":"product_cat","embeddable":true,"href":"https:\/\/careista.ch\/fr\/wp-json\/wp\/v2\/product_cat?post=9452"},{"taxonomy":"product_tag","embeddable":true,"href":"https:\/\/careista.ch\/fr\/wp-json\/wp\/v2\/product_tag?post=9452"}],"curies":[{"name":"wp","href":"https:\/\/api.w.org\/{rel}","templated":true}]}}

https://careista.ch/produkte/non%20classé/dentifrice-edelwhite-care-forte-75ml/

<p><strong>La formule de reconstitution pour les soins gingivaux</strong></p>
<p>Un dentifrice pour des gencives fortes et un sourire sain. Sa formule tout-en-un prend soin des gencives sensibles, renforce les dents et assure une protection durable. </p>
<ul>
<li>Soulage les inflammations et les irritations des gencives</li>
<li>Renforce durablement les dents et les gencives</li>
<li>Un éclaircissement en douceur pour un sourire naturellement blanc</li>
<li>Convient particulièrement au brossage quotidien des dents et à l&rsquo;utilisation de brosses à dents électriques.</li>
<li>Formulation : RDA 60, 1450ppm de fluorure</li>
<li>0% dioxyde de titane, parabène, SLS, gluten</li>
<li>Vegan</li>
</ul>
<p><em>Contenu : 1 tube de 75 ml</em></p>

<!-- This site is optimized with the Yoast SEO plugin v27.2 - https://yoast.com/product/yoast-seo-wordpress/ -->
<title>edel+white Care Forte dentifrice 75ml (**NEW DESIGN 2026**) - CAREISTA</title>
<meta name="robots" content="index, follow, max-snippet:-1, max-image-preview:large, max-video-preview:-1" />
<link rel="canonical" href="https://careista.ch/fr/produkte/soins-buccaux-fr/dentifrice-fr/dentifrice-edelwhite-care-forte-75ml/" />
<meta property="og:locale" content="fr_FR" />
<meta property="og:type" content="article" />
<meta property="og:title" content="edel+white Care Forte dentifrice 75ml (**NEW DESIGN 2026**) - CAREISTA" />
<meta property="og:description" content="La formule de reconstitution pour les soins gingivaux Un dentifrice pour des gencives fortes et un sourire sain. Sa formule tout-en-un prend soin des gencives sensibles, renforce les dents et assure une protection durable.   Soulage les inflammations et les irritations des gencives  Renforce durablement les dents et les gencives  Un éclaircissement en douceur pour un sourire naturellement blanc  Convient particulièrement au brossage quotidien des dents et à l&#039;utilisation de brosses à dents électriques.  Formulation : RDA 60, 1450ppm de fluorure  0% dioxyde de titane, parabène, SLS, gluten  Vegan Contenu : 1 tube de 75 ml" />
<meta property="og:url" content="https://careista.ch/fr/produkte/soins-buccaux-fr/dentifrice-fr/dentifrice-edelwhite-care-forte-75ml/" />
<meta property="og:site_name" content="CAREISTA" />
<meta property="article:modified_time" content="2026-04-28T21:07:30+00:00" />
<meta property="og:image" content="https://careista.ch/wp-content/uploads/2025/06/500510-Care-Forte-Zahnpasta-75ml-800x800px1_new.jpg" />
	<meta property="og:image:width" content="800" />
	<meta property="og:image:height" content="800" />
	<meta property="og:image:type" content="image/jpeg" />
<meta name="twitter:card" content="summary_large_image" />
<script type="application/ld+json" class="yoast-schema-graph">{"@context":"https://schema.org","@graph":[{"@type":"WebPage","@id":"https://careista.ch/fr/produkte/soins-buccaux-fr/dentifrice-fr/dentifrice-edelwhite-care-forte-75ml/","url":"https://careista.ch/fr/produkte/soins-buccaux-fr/dentifrice-fr/dentifrice-edelwhite-care-forte-75ml/","name":"edel+white Care Forte dentifrice 75ml (**NEW DESIGN 2026**) - CAREISTA","isPartOf":{"@id":"https://careista.ch/fr/#website"},"primaryImageOfPage":{"@id":"https://careista.ch/fr/produkte/soins-buccaux-fr/dentifrice-fr/dentifrice-edelwhite-care-forte-75ml/#primaryimage"},"image":{"@id":"https://careista.ch/fr/produkte/soins-buccaux-fr/dentifrice-fr/dentifrice-edelwhite-care-forte-75ml/#primaryimage"},"thumbnailUrl":"https://careista.ch/wp-content/uploads/2025/06/500510-Care-Forte-Zahnpasta-75ml-800x800px1_new.jpg","datePublished":"2025-06-03T12:00:00+00:00","dateModified":"2026-04-28T21:07:30+00:00","breadcrumb":{"@id":"https://careista.ch/fr/produkte/soins-buccaux-fr/dentifrice-fr/dentifrice-edelwhite-care-forte-75ml/#breadcrumb"},"inLanguage":"fr-FR","potentialAction":[{"@type":"ReadAction","target":["https://careista.ch/fr/produkte/soins-buccaux-fr/dentifrice-fr/dentifrice-edelwhite-care-forte-75ml/"]}]},{"@type":"ImageObject","inLanguage":"fr-FR","@id":"https://careista.ch/fr/produkte/soins-buccaux-fr/dentifrice-fr/dentifrice-edelwhite-care-forte-75ml/#primaryimage","url":"https://careista.ch/wp-content/uploads/2025/06/500510-Care-Forte-Zahnpasta-75ml-800x800px1_new.jpg","contentUrl":"https://careista.ch/wp-content/uploads/2025/06/500510-Care-Forte-Zahnpasta-75ml-800x800px1_new.jpg","width":800,"height":800},{"@type":"BreadcrumbList","@id":"https://careista.ch/fr/produkte/soins-buccaux-fr/dentifrice-fr/dentifrice-edelwhite-care-forte-75ml/#breadcrumb","itemListElement":[{"@type":"ListItem","position":1,"name":"Home","item":"https://careista.ch/fr/"},{"@type":"ListItem","position":2,"name":"Shop","item":"https://careista.ch/fr/shop/"},{"@type":"ListItem","position":3,"name":"edel+white Care Forte dentifrice 75ml (**NEW DESIGN 2026**)"}]},{"@type":"WebSite","@id":"https://careista.ch/fr/#website","url":"https://careista.ch/fr/","name":"CAREISTA","description":"Dein persönlicher Pflege-Barista","publisher":{"@id":"https://careista.ch/fr/#organization"},"potentialAction":[{"@type":"SearchAction","target":{"@type":"EntryPoint","urlTemplate":"https://careista.ch/fr/?s={search_term_string}"},"query-input":{"@type":"PropertyValueSpecification","valueRequired":true,"valueName":"search_term_string"}}],"inLanguage":"fr-FR"},{"@type":"Organization","@id":"https://careista.ch/fr/#organization","name":"CAREISTA","url":"https://careista.ch/fr/","logo":{"@type":"ImageObject","inLanguage":"fr-FR","@id":"https://careista.ch/fr/#/schema/logo/image/","url":"https://careista.ch/wp-content/uploads/2025/02/Careista-Logo-S_rgb.svg.svg","contentUrl":"https://careista.ch/wp-content/uploads/2025/02/Careista-Logo-S_rgb.svg.svg","caption":"CAREISTA"},"image":{"@id":"https://careista.ch/fr/#/schema/logo/image/"}}]}</script>
<!-- / Yoast SEO plugin. -->

La formule de reconstitution pour les soins gingivaux Un dentifrice pour des gencives fortes et un sourire sain. Sa formule tout-en-un prend soin des gencives sensibles, renforce les dents et assure une protection durable.   Soulage les inflammations et les irritations des gencives  Renforce durablement les dents et les gencives  Un éclaircissement en douceur pour un sourire naturellement blanc  Convient particulièrement au brossage quotidien des dents et à l'utilisation de brosses à dents électriques.  Formulation : RDA 60, 1450ppm de fluorure  0% dioxyde de titane, parabène, SLS, gluten  Vegan Contenu : 1 tube de 75 ml

Dein persönlicher Pflege-Barista
